 be 3/6 + (-44)/(-8). Let k be (6/9)/((-2)/(-9)). What is the greatest common divisor of d and k?
3
Let c(s) = -2*s**2 + s + 5. Let k be c(0). Calculate the highest common divisor of 15 and k.
5
Let x(l) = -l**2 + 3*l + 2. Let a be x(2). Let r be (-24)/9 - 10/(-15). Let w = r + a. Calculate the greatest common factor of w and 6.
2
Let y(k) = k**3 - 6*k**2 + 7*k + 2. Let s be y(8). Let c = -58 + s. What is the greatest common divisor of 16 and c?
16
Let k = -4 + 10. Suppose -5*p = -94 - k. Calculate the highest common factor of p and 4.
4
Let k(o) = -o**3 - 6*o**2 - 6*o - 5. Let q be k(-6). What is the greatest common divisor of q and 124?
31
Let n be 16 - (3 + (-4)/4). What is the highest common divisor of n and 2?
2
Let a = 5 + 6. Let u(n) = n**3 - 11*n**2 + 12. Let l be u(a). Let h = -8 + 11. Calculate the greatest common divisor of h and l.
3
Let u = -149 - -221. Let g be (-1 - 0 - -2) + 8. What is the highest common divisor of u and g?
9
Let m be 4*4 - (-5 - (-5 - 0)). Calculate the greatest common divisor of 144 and m.
16
Suppose 0*l - 20 = -5*l. Suppose -3*b + 170 = -5*d, 2*b - 41 - 75 = l*d. Calculate the greatest common factor of b and 10.
10
Let z = -193 - -655. What is the greatest common factor of z and 66?
66
Suppose -512 + 1345 = a. Let u = 1328 - a. Suppose 2*y = 0, -u = -5*p - 4*y + 7*y. Calculate the greatest common factor of p and 11.
11
Let a be (-6)/15 + (-1535)/(-25). Suppose 3*i - z - 4*z - 50 = 0, -4*i + a = -z. What is the highest common divisor of i and 6?
3
Suppose 5*t - 83 + 33 = 0. What is the highest common factor of t and 25?
5
Let t be ((-8)/6)/(6/99). Let n = t + 31. What is the greatest common divisor of 9 and n?
9
Suppose -3 + 18 = 5*m. Let l(g) = -7*g + 1 + 6*g**2 - 7*g**2 - 4*g. Let c be l(-11). Calculate the highest common divisor of c and m.
1
Let w be (-384)/(-15) + 4/10. What is the greatest common divisor of 39 and w?
13
Suppose -5*d - 5 + 0 = 0. Let j = d - 0. Let u be j/((-10)/(-12))*-50. What is the greatest common divisor of u and 24?
12
Let x = 53 - -145. Let r = 36 + -18. What is the greatest common divisor of r and x?
18
Let h(p) be the third derivative of p**6/120 + p**5/12 - p**4/4 + 2*p**2. Let b be h(-5). What is the greatest common divisor of b and 20?
10
Let w(i) = -i**3 - 2*i - 1. Let t be w(-1). Let j(k) = 1 - 6*k**2 - 2*k + 21*k**2 - t. Let r be j(-1). What is the greatest common divisor of 24 and r?
8
Let w be (-1)/((-12)/10 + 1). Suppose 5*n - 129 + 48 = -2*s, 45 = 2*n + 5*s. Calculate the highest common factor of w and n.
5
Let l(c) = 18*c**2 + 1. Let r be l(1). What is the highest common factor of r and 57?
19
Let q(f) = -f + 16. Let c be q(0). Suppose 3*t + 3*n = n - 1, 5*n = -5*t - 5. Let s be 16/(t + 6/(-9)). Calculate the greatest common divisor of s and c.
16
Suppose -x + 240 = 4*x. Suppose -3*f + 2*f - 24 = -4*k, -3*k + f = -18. Calculate the highest common divisor of x and k.
6
Suppose 36 = y + 8. Calculate the greatest common factor of 42 and y.
14
Suppose 3*r = r + 114. Suppose -b + u = 51, -3*u + r = -b - 0*b. Let j be (2/4)/((-2)/b). What is the highest common divisor of 12 and j?
12
Let l(k) = -6. Let t(g) = -g - 7. Let w(c) = -2*l(c) + 3*t(c). Let u be w(-7). Calculate the greatest common factor of u and 60.
12
Suppose 0*u = 2*u - 5*j + 1, -2*j - 14 = -2*u. Let t be (-9)/u - 163/(-4). Let i be (-2)/(-8) - (-38)/8. Calculate the greatest common factor of i and t.
5
Let w be -1*13*(0 - 1). Calculate the greatest common divisor of 13 and w.
13
Let a be 4/2 + 27/3. Suppose 9*m - 4*m = 165. What is the greatest common divisor of a and m?
11
Let f(v) = 10*v**2 - 2*v + 2. Let j be f(2). Let i = j - 17. Calculate the greatest common divisor of 147 and i.
21
Let i = 53 + 5. Calculate the highest common divisor of i and 29.
29
Suppose -i = -2*j + j + 1, j = -2*i + 13. Suppose -j*g = -2 - 18. Let w(c) = 5*c + 13. Let f be w(3). What is the greatest common divisor of g and f?
4
Let c(r) = -r + 13. Let d be c(11). What is the greatest common factor of 2 and d?
2
Suppose 0 = 4*t - 191 + 7. Let i = t - 24. What is the greatest common divisor of 2 and i?
2
Let u be 0 + 5/((-10)/(-8)). Calculate the greatest common factor of u and 52.
4
Suppose 2*u = 6*u - 32. Let m be 2/(-8) + 90/u. Calculate the highest common divisor of m and 77.
11
Suppose 168 = 3*f + 60. Suppose -2*c + 2*x + 14 = 0, -34 + 0 = -2*c - 2*x. What is the greatest common divisor of c and f?
12
Let c = -4 - -40. Suppose -5*h - 3*y + 60 = 0, 3*y = h + 2*y - 4. What is the highest common divisor of h and c?
9
Let s = 70 + -64. Calculate the greatest common divisor of s and 42.
6
Suppose 0*b = 4*b + 52. Let v(i) = -2*i**2 + 4*i + 11. Let q be v(6). Let s = b - q. What is the greatest common divisor of s and 36?
12
Suppose -23 = 3*m - 2. Let s = -4 - m. Suppose h = 4*r - 38, -3*r - s*h + 6*h + 24 = 0. Calculate the greatest common factor of 10 and r.
10
Let f = 17 + -17. Suppose 3*m - 186 - 3 = f. What is the highest common divisor of 9 and m?
9
Suppose 5*g = 6*g - 16. Calculate the highest common factor of 2 and g.
2
Let d(x) = 0*x + 0*x - 2*x. Let v be d(-2). Suppose -v*h = -20 - 32. What is the greatest common factor of 104 and h?
13
Let o be (4 + 48/(-10))/(4/(-110)). What is the greatest common divisor of 110 and o?
22
Let p = 28 + -12. Let s(t) = -7*t**2 + 1. Let f be s(-1). Let i(g) = -2*g - 4. Let z be i(f). Calculate the greatest common divisor of p and z.
8
Suppose 2*v = -3*n + 7, -8 = -2*v + n - 5*n. Suppose v*x + 10 = 0, 0*c + 5*x + 43 = c. Calculate the greatest common divisor of 12 and c.
6
Suppose -3*r + 20 = -7. Let c = 44 - 21. Suppose w + 4*x = -r, -w + c = -2*x - 2*x. Calculate the highest common factor of 56 and w.
7
Let b(k) = -k**2 + 7*k - 5. Let l be b(4). Let w = l + -6. Calculate the greatest common divisor of w and 7.
1
Let h be 2*(-3)/6*-4. Suppose -h*l = c - 19, -c + 4*l = -3*c + 22. Suppose -5*y = -0*y - 30. Calculate the greatest common factor of y and c.
3
Let d be 494/91 - (-4)/7. What is the highest common factor of d and 60?
6
Let o(t) be the first derivative of 7*t**2/2 + 6*t - 3. Let j be o(7). What is the greatest common divisor of 22 and j?
11
Suppose 0 = 2*o + 6 - 18. Let l = 6 + 3. Let c be -1*(-3)/(l/o). Calculate the highest common factor of c and 10.
2
Let m = 12 - 7. What is the greatest common divisor of m and 5?
5
Let c be (-6)/4*-1*2. Suppose 0 + 18 = x + 4*p, -4*p - 34 = -x. Suppose 4*t = -c*a + x + 259, a = t - 73. What is the greatest common divisor of 8 and t?
8
Suppose -4 - 17 = -n. Calculate the greatest common factor of 7 and n.
7
Suppose -t - 5*m = -106, -3*m + m = 2. Let l(d) = 2*d**2 - 3*d - 18. Let g be l(-9). Let s = g - t. Calculate the greatest common divisor of s and 12.
12
Let u be 45 - (-2)/(-8)*4. What is the greatest common factor of u and 11?
11
Suppose -2*h - 24 = -7*v + 2*v, 4*h + 6 = 3*v. Calculate the greatest common factor of 78 and v.
6
Let t be (8/(-10))/((-8)/20). Let l be (-132)/(-16) + t/(-8). Suppose -x + 6 = 4*p, 0 = 8*x - 3*x + 10. Calculate the highest common divisor of p and l.
2
Let u(h) = h**2 + 5*h + 27. Let w be u(-16). What is the highest common factor of w and 29?
29
Suppose 3*k + 15 = -0*k. Let v be (k + 0)*(-28)/5. Suppose -24 = -5*a - 4. What is the greatest common divisor of v and a?
4
Let z(i) = 3*i**2 - 2. Let s = 5 + -12. Let a be (-16)/s - (-4)/(-14). Let g be z(a). Calculate the greatest common divisor of 10 and g.
10
Let k = 4 + 2. Let w(i) = 13*i - 7 + 9*i + k. Let a be w(1). What is the highest common factor of a and 3?
3
Suppose h - 40 = -h. Suppose 3 + 3 = 3*p. Suppose p*l = 53 + 27. What is the greatest common divisor of h and l?
20
Suppose -2*k + 2 = -3*s, s = k - 2*k + 1. Let b(x) = -3*x**2 + 3*x**2 - 3 - 7*x - x**2. Let l be b(-6). What is the highest common factor of k and l?
1
Suppose 4*g - 30 = -g. Let p(t) = t**2 - 19*t + 23. Let f be p(18). Suppose f*a + 12 = 6*a. Calculate the highest common divisor of a and g.
6
Let p be (-82 - -2)/((-1)/1). Suppose p = 5*n + 25. Calculate the highest common divisor of 88 and n.
11
Let g = -23 - -37. Let z(f) = f + 6. Let a be z(-6). Let o = g - a. What is the highest common factor of 98 and o?
14
Let i(a) = -a**3 + 8*a**2 - 4*a + 1. Suppose -3*y = 3 - 18. Let c be i(y). Let o b